emainder when v(35) is divided by 64?
58
Let m be (-1)/(-3) - (4 - 3416/12). Let k = m + -226. What is the remainder when k is divided by 28?
27
Let b = -33 + 55. Let l(x) = -2*x**2 + 3*x + 3. Let v be l(0). Suppose -29 = -v*k + 94. Calculate the remainder when k is divided by b.
19
Suppose -2414 = -12*v + 658. Suppose -10*u - v = -26*u. What is the remainder when 93 is divided by u?
13
Suppose 3*p = i + 19 - 35, 4*i = -5*p + 64. Calculate the remainder when 18 is divided by i.
2
Let r(b) = 2*b**2 - 7*b + 6. Suppose f = 5*f + 36. Let q = f - -13. Calculate the remainder when 47 is divided by r(q).
7
Let b(n) = n**3 - 8*n**2 - 16*n + 13. Let h(w) = 9*w + 15. Calculate the remainder when h(10) is divided by b(10).
52
Calculate the remainder when ((-28)/12 - -4)/((-80)/(-4848)) is divided by (0 + 15 + -2)*1.
10
Let x = -55 - -60. Suppose -145 = x*d + 30. Calculate the remainder when 30 is divided by (d/(-15) + -5 + 2)*-12.
6
Suppose l - 11 = -2. Suppose -10 = 11*c - l*c. Let x = c + 23. Calculate the remainder when 64 is divided by x.
10
Suppose -4*t + 690 = 2*s, 4*s - 9*s + 1770 = t. Let v = s + -301. What is the remainder when v is divided by 12?
6
What is the remainder when (102/(-4))/(6/(-12)) is divided by (-16)/(-6)*(-15918)/(-3032)?
9
Let a = 1536 + -1129. What is the remainder when a is divided by 184?
39
Suppose 2*c - 379 + 337 = 0. What is the remainder when 44 is divided by c?
2
Let h(r) = r**3 + 13*r**2 + 4*r + 63. Suppose -2*m = -7*m + 240. Suppose 0*c + m = 2*c + 5*x, c - 21 = -x. Calculate the remainder when c is divided by h(-13).
8
Let y(l) = -4*l**2 - 65*l + 48. What is the remainder when y(-7) is divided by 82?
61
Calculate the remainder when 4/(12/123) - ((-14 - -25) + -8) is divided by 10.
8
Suppose -44*u - 77 = -3*k - 42*u, 0 = -4*u - 4. What is the remainder when 106 is divided by k?
6
Suppose 53573 + 89692 = 98*w + 15375. What is the remainder when w is divided by 145?
0
Let y(u) = u**3 - 8*u**2 + 30*u - 58. Calculate the remainder when 26 is divided by y(5).
9
Suppose -o + 41 = -3*g, 79 = -3*g - 2*g - o. Suppose d + 6 + 5 = v, -d + 1 = v. Calculate the remainder when (g/(-10))/(1/22) is divided by v.
3
Suppose 150501 = 84*i + 137*i. What is the remainder when i is divided by 339?
3
Let q(l) = 8*l - l**2 - l**2 + 9*l + 2 - 32*l - 3*l. Suppose -3*s = 3*w + 30, 1 + 1 = -2*w. Calculate the remainder when 15 is divided by q(s).
1
Suppose 9*k = 10*k - 3*u - 472, -5*k + 2410 = -5*u. What is the remainder when k is divided by 45?
37
Let i(r) = 24*r**3 - 1. Let h(k) = -k**2 + 16*k + 1167. Let t be h(0). Let j = t + -1078. Calculate the remainder when j is divided by i(1).
20
Let t(w) = -718*w + 13888. Calculate the remainder when 8413 is divided by t(17).
3
Let b = 178 - 175. Suppose -4*z + 3*i + 3 = z, z - 15 = -b*i. What is the remainder when z is divided by 2?
1
Suppose 21*n - 24*n - 6 = 0. Let p be n - (-16 + (-5 - -6)). Suppose 9*a = 4*a + 5*j + 5, 5*a - p = j. Calculate the remainder when 48 is divided by a.
0
Suppose 5*f + 20211 = -c + 81524, -f + 4*c + 12271 = 0. Calculate the remainder when f is divided by 24.
23
Let x(h) be the first derivative of -h**4/4 + 5*h**3/3 + 4*h**2 - 3*h - 23. Let q(p) = 3*p + 4. What is the remainder when q(6) is divided by x(6)?
4
Let d be (-2212)/6 - (-10)/15. Let o = d + 620. Let l = o + -128. Calculate the remainder when l is divided by 25.
24
Suppose 5*v + 14 - 229 = 0. Suppose n + 0*n - f - v = 0, 5*n = -f + 239. Calculate the remainder when 174 is divided by n.
33
Suppose 0 = -20*d + 18*d + 10, 0 = q + 2*d - 642. Calculate the remainder when q is divided by 40.
32
Let f(j) = 6*j - 22. Let g be f(4). Suppose 5*b - g*q = 5, -4*b + 3*q - 14 + 11 = 0. Calculate the remainder when 47/(-4 + 4 - b)*-3 is divided by 7.
5
Suppose 3*v = 4*d - 731, 2*v + 922 = 5*d + v. What is the remainder when d is divided by 27 - (11/(-2) + 15/10)?
30
Suppose -4*f + 137 = -387. Suppose -312 = 3*w + 60. Let j = -105 - w. Calculate the remainder when f is divided by j.
17
Suppose -9 = -55*r + 4*r + 93. Calculate the remainder when 2980/45 - 2/9 is divided by r.
0
Let h be (-12)/((-4)/(-2)) - -876. Suppose 0 = -3*o + 3*c - 144 + 684, 5*c = -5*o + h. Calculate the remainder when o is divided by 12.
9
Suppose i - g - 34 = 0, 5*i - 3*g = -7*g + 206. What is the remainder when i is divided by (2 + 98/6)*(-186)/(-310)?
5
Let l = 1635 + -1532. What is the remainder when 337 is divided by l?
28
Suppose 2*n + 3*a + 329 = 0, n - 6*a = -2*a - 192. Calculate the remainder when (-9)/6*n/6 is divided by 31 - (3 - 4) - (-30)/(-3).
21
Suppose -8 = -2*p + 6*p. Let y = 2331 - 2306. Calculate the remainder when (-2 - 5/p)*148 is divided by y.
24
Let h(w) = 3*w + 28. Calculate the remainder when 80 is divided by h(11).
19
Calculate the remainder when 1532 is divided by (-39)/(741/722)*(-2)/4.
12
Let v(d) = -14*d + 29. Let m(r) = 3*r + 1. Let c(x) = -20*m(x) - 5*v(x). What is the remainder when c(30) is divided by 14?
9
What is the remainder when ((-83)/(-83))/(((-4)/142)/(-2)) is divided by 11?
5
Let g = 294 + -297. Let a = 102 + g. Calculate the remainder when a is divided by 6.
3
Let n(f) = -5*f**3 - f**2 - f + 333. Calculate the remainder when n(0) is divided by 28.
25
Suppose f - 190 = -b + 3055, -24*b + 4*f = -78104. Calculate the remainder when b is divided by 108.
13
Suppose 0 = -5*b + r + 15402, -18*b + 17*b + 2*r + 3066 = 0. Calculate the remainder when b is divided by 342.
4
Suppose 3*g + 7 - 37 = 0. Let u(t) = 11*t**2 + t + 2. Let p(j) = -j**3 + 16*j**2 + 2. Let d be p(16). What is the remainder when u(d) is divided by g?
8
Let j = -7246 - -7394. What is the remainder when 1174 is divided by j?
138
Let w be (-1 + 0)/((-6)/114). Suppose 0 = -w*h + 4*h + 225. Calculate the remainder when h is divided by 3.
0
Let a be (-1)/((-95)/(-96) - 1). Let n = -51 + a. Let d = 77 - n. What is the remainder when 60 is divided by d?
28
Suppose -503 = -16*a + 1081. What is the remainder when a is divided by -3 - -6 - (1 + -32)?
31
Suppose 171*v - 183*v = -48. Suppose -176 = -v*j - 4*z + 9*z, 0 = -5*j + 3*z + 233. What is the remainder when j is divided by 34?
15
Let y(k) = 356*k**2 - 16*k + 14. Let z be y(1). Suppose -m + 0*x + 74 = 4*x, -5*m + z = 4*x. What is the remainder when 628 is divided by m?
68
Calculate the remainder when 918 is divided by (-6552)/(-42) + (-8)/4.
148
Let c(k) = k + 5. Suppose 3*n - 3 = 0, 24 = d + 4*d + 4*n. Calculate the remainder when 68 is divided by c(d).
5
Let r be (-30)/(35/14 + -4). Suppose 10 = -r*u + 210. What is the remainder when ((-72)/(-5))/((-3)/(-10)) is divided by u?
8
Let w = -12566 - -12686. What is the remainder when 1557 is divided by w?
117
Let n(w) = w**3 - 48*w**2 + 564*w + 102. Suppose o + 2*o - 234 = 0. What is the remainder when o is divided by n(27)?
15
Suppose 1314*u - 1494*u + 7740 = 0. Let v = 21 - -2. Calculate the remainder when u is divided by v.
20
Suppose -5*b = 2*s + 3*s - 40, 3*s = 4*b + 17. Calculate the remainder when s is divided by (5/(-8))/(6/(-48)).
2
Let x be 2/4*(22 - 12). Suppose 357 = -x*h + 1517. Suppose 2*j + 5 = j, j - h = -3*l. Calculate the remainder when l is divided by 16.
15
Let y(j) = -j**2 - 10*j - 4. Suppose 7*p + 3080 + 357 = 0. Let z = -374 - p. Calculate the remainder when z is divided by y(-4).
17
Let b be 112/16*(-4)/(-14). Calculate the remainder when 34150/125 - b/10 is divided by 25.
23
Let n(g) = 31*g**2 + g - 5. Let b(y) = 4*y**3 - 16*y**2 + 3*y - 10. Let v be b(4). What is the remainder when n(v) is divided by 37?
10
Let s = 167 + -167. Suppose s = -3*i + 41 - 20. Calculate the remainder when 37 - 3*2/(-3) is divided by i.
4
Let r be (10/(-7))/((-1)/(-7)). What is the remainder when 80 is divided by 256/10 + 1 - 4/r?
26
Calculate the remainder when (11 + (-21 - -4))*-10 is divided by 2.
0
Suppose 115*w - 3862 = 623. What is the remainder when 661 is divided by w?
37
Let j(f) = f**3 - 133*f**2 + 258*f + 694. What is the remainder when 7133 is divided by j(131)?
163
Suppose -5*f + 60 = 30. Let g(m) = 8*m - 4. Calculate the remainder when g(f) is divided by 8.
4
Let j = -55 - -222. What is the remainder when j is divided by (-1 - 1304/(-88)) + 6/33?
13
Suppose 0 = -28*b + 33*b - 1110. What is the remainder when b is divided by 65?
27
Let l be